{"id":596,"date":"2021-09-20T21:32:17","date_gmt":"2021-09-20T21:32:17","guid":{"rendered":"http:\/\/vicalvarodental.com\/wp\/?page_id=596"},"modified":"2021-09-21T07:48:21","modified_gmt":"2021-09-21T07:48:21","slug":"acido-hialuronico","status":"publish","type":"page","link":"https:\/\/vicalvarodental.com\/index.php\/acido-hialuronico\/","title":{"rendered":"\u00c1cido Hialur\u00f3nico"},"content":{"rendered":"<p>En Odontolog\u00eda el concepto \u201cest\u00e9tica\u201d se suele limitar al aspecto de los dientes. Cuando se hace una rehabilitaci\u00f3n oral lo m\u00e1s importante es tener en cuenta todos los par\u00e1metros faciales para que nuestro tratamiento sea no solo funcional pero tambi\u00e9n est\u00e9tico.Los tratamientos de est\u00e9tica han avanzado a pasos agigantados en las \u00faltimas d\u00e9cadas, consiguiendo rejuvenecer nuestros rostros por completo: hoy en d\u00eda se puede tensar la piel, aportar luminosidad, reducir visiblemente las arrugas o rellenarlas para que desaparezcan.<\/p>\n<p>Una vez conseguidos los dientes perfectos, es fundamental mejorar el estado de los tejidos periorales, con rellenos mediante A.Hialur\u00f3nico\u00a0 y\u00a0 moldear de forma natural tu sonrisa y eliminar todas las arrugas de la zona perioral.<\/p>\n<p>Con el transcurso de las investigaciones que se han llevaron a cabo diversos materiales han salido al mercado siendo el \u00e1cido hialur\u00f3nico el que se ha elevado por los excelentes resultados que permite.En cl\u00ednica Dental Navarro nuestra especialista en rellenos faciales la Dra. Andreea Cosic cuenta con a\u00f1os de experiencia en el \u00e1rea del \u00e1cido hialur\u00f3nico.<\/p>\n<p>&nbsp;<\/p>\n<h3>\u00bfQu\u00e9 es el \u00e1cido hialur\u00f3nico?<\/h3>\n<p>El \u00e1cido hialur\u00f3nico es una sustancia que se encuentra de manera natural en nuestro organismo. En efecto, pertenece al col\u00e1geno que se encuentra en nuestra piel. Ayuda a mantener la piel hidratada y con una textura jugosa. Sin embargo, debido al paso de los a\u00f1os, la presencia de esta sustancia va disminuyendo considerablemente.<\/p>\n<p>&nbsp;<\/p>\n<h3>\u00bfPara qu\u00e9 sirve el \u00e1cido hialur\u00f3nico?<\/h3>\n<h4>1. Hidrata<\/h4>\n<p>Gracias a su capacidad de absorci\u00f3n es un poderoso ingrediente hidratante. Adem\u00e1s, ayuda a que esta hidrataci\u00f3n se mantenga, por lo que su efecto es a\u00fan mayor. \u00a1Una piel joven es una piel hidratada!<\/p>\n<h4>2. Ayuda a la creaci\u00f3n de col\u00e1geno.<\/h4>\n<p>Promueve la creaci\u00f3n del col\u00e1geno que sostiene nuestra piel y le ayuda a dar soporte.<\/p>\n<h4>3. Rejuvenece la piel.<\/h4>\n<p>En el envejecimiento de la piel hay una p\u00e9rdida significativa de hidrataci\u00f3n, siendo el \u00e1cido hialur\u00f3nico la principal mol\u00e9cula involucrada en ello. Por lo tanto, el \u00e1cido hialur\u00f3nico nos sirve para aportar hidrataci\u00f3n y elasticidad a la piel y as\u00ed mejorar su aspecto.<\/p>\n<h4>4. Reduce las arrugas.<\/h4>\n<p>Rellena nuestra piel y le da volumen, lo que ayuda a reducir las arrugas. Aunque es m\u00e1s efectivo cuando se inyecta, se pueden tambi\u00e9n apreciar sus efectos cuando se aplica en crema.<\/p>\n<h4>5. Perfilado y volumen de labios.<\/h4>\n<h4>6. Tratamiento no quir\u00fargico de sonrisa gingival<\/h4>\n<h4>7. Tratamiento de artrosis de la ATM.<\/h4>\n<h4>8. Aumento de volumen de papilas interdentales.<\/h4>\n<p>Entre otros muchos m\u00e1s usos que permiten sus m\u00faltiples propiedades.<br \/>\nNo esperes m\u00e1s ya que con solo una visita ma\u00f1ana podr\u00e1s lucir mucho m\u00e1s joven que ayer.<\/p>\n","protected":false},"excerpt":{"rendered":"<p>En Odontolog\u00eda el concepto \u201cest\u00e9tica\u201d se suele limitar al aspecto de los dientes. Cuando se hace una rehabilitaci\u00f3n oral lo m\u00e1s importante es tener en cuenta todos los par\u00e1metros faciales para que nuestro tratamiento sea no solo funcional pero tambi\u00e9n est\u00e9tico.Los tratamientos de est\u00e9tica han avanzado a pasos agigantados en las \u00faltimas d\u00e9cadas, consiguiendo rejuvenecer [&hellip;]<\/p>\n","protected":false},"author":1,"featured_media":0,"parent":0,"menu_order":0,"comment_status":"closed","ping_status":"closed","template":"","meta":[],"_links":{"self":[{"href":"https:\/\/vicalvarodental.com\/index.php\/wp-json\/wp\/v2\/pages\/596"}],"collection":[{"href":"https:\/\/vicalvarodental.com\/index.php\/wp-json\/wp\/v2\/pages"}],"about":[{"href":"https:\/\/vicalvarodental.com\/index.php\/wp-json\/wp\/v2\/types\/page"}],"author":[{"embeddable":true,"href":"https:\/\/vicalvarodental.com\/index.php\/wp-json\/wp\/v2\/users\/1"}],"replies":[{"embeddable":true,"href":"https:\/\/vicalvarodental.com\/index.php\/wp-json\/wp\/v2\/comments?post=596"}],"version-history":[{"count":3,"href":"https:\/\/vicalvarodental.com\/index.php\/wp-json\/wp\/v2\/pages\/596\/revisions"}],"predecessor-version":[{"id":601,"href":"https:\/\/vicalvarodental.com\/index.php\/wp-json\/wp\/v2\/pages\/596\/revisions\/601"}],"wp:attachment":[{"href":"https:\/\/vicalvarodental.com\/index.php\/wp-json\/wp\/v2\/media?parent=596"}],"curies":[{"name":"wp","href":"https:\/\/api.w.org\/{rel}","templated":true}]}}